the tens digit of p/(14/4) - -88?
8
Let l(g) = 11*g - 105. Let p(q) = 12*q - 106. Let b(h) = -7*l(h) + 6*p(h). What is the tens digit of b(-12)?
5
Let p = -6332 + 17667. What is the thousands digit of p?
1
What is the units digit of (-37)/(-4)*-37*((-168)/2)/1?
9
Suppose -c = 52*s - 47*s - 12950, -2*s - 4*c = -5180. What is the tens digit of s?
9
Let m(i) be the second derivative of -37*i + 0 + 1/6*i**3 + 2*i**2. What is the units digit of m(9)?
3
Let m(o) = 2*o**2 - 2*o + 1. Let p be m(2). Suppose -2*c = -p*s - 345, 0*c - 4*c = 2*s + 114. Let k = -12 - s. What is the units digit of k?
5
Let c = -8865 - -13219. What is the thousands digit of c?
4
Suppose 2*l - 2*g = 17278 - 2160, 5*l + g - 37771 = 0. What is the units digit of l?
5
Let q = -1524 + 4907. What is the thousands digit of q?
3
Suppose -5*c - 2*u = -21346, -c = 517*u - 516*u - 4268. What is the thousands digit of c?
4
Suppose -6*w - 137780 = -8*w - 18*w. What is the units digit of w?
9
Let h(j) = -6*j + 363. Let l be h(-8). Let m = l + 392. What is the tens digit of m?
0
Let g(l) = -578*l + 30. Let b(f) = -867*f + 46. Let a(k) = 5*b(k) - 8*g(k). What is the thousands digit of a(6)?
1
Let s(h) = 28*h**2 + 27*h - 5*h - 32*h**2 + 4. Let d be s(9). Let g = d - -250. What is the units digit of g?
8
Let j be (2/6)/((-14)/126) + -185. Let a = j - -942. What is the tens digit of a?
5
Let p(j) = 4*j**2 + 70*j - 256. What is the thousands digit of p(-34)?
1
Suppose 4*y = -2*d - y + 6602, d = 2*y + 3301. What is the tens digit of d?
0
Suppose 48*j = 46*j + 4138. Suppose 4*m - 1874 = -2*a, -2*a - 187 = -4*m - j. What is the units digit of a?
9
Suppose 4*i + 42*n - 8772 = 39*n, 0 = 5*i - 7*n - 10922. What is the tens digit of i?
9
Let h(w) = 2*w - 20. Let d be h(12). Let s = d - 2. What is the tens digit of s/18 - (-8800)/99?
8
Suppose 662581 = 26*x + 155529. What is the ten thousands digit of x?
1
Suppose -4*r + 4227 = 6*p - p, 4*r - 4178 = 2*p. What is the thousands digit of r?
1
Let n(h) = 258*h**2 - 101*h - 634. What is the ten thousands digit of n(-7)?
1
Let h = 585 - 1691. Let r = h + 1653. What is the hundreds digit of r?
5
What is the thousands digit of ((-2241)/(-12))/(6/80*(-70)/(-56))?
1
Let a = 31 - 21. Let v(p) = 10*p**2 + 14*p + 38. What is the thousands digit of v(a)?
1
Let i(f) = -f**2 - 2*f - 13. Let x be i(9). Let p be (220 - 18) + (-8)/(-2). Let c = x + p. What is the units digit of c?
4
What is the units digit of ((-112)/98)/(-8) + (-318372)/(-14)?
1
Let p = -8384 + 5166. Let z = p + 4572. What is the units digit of z?
4
Suppose 97*s - 64512 = 25407. What is the tens digit of s?
2
Let r = 39 + -37. Suppose -4*l + 5*l = -r*x - 339, -2 = -2*l. Let y = x - -312. What is the tens digit of y?
4
Suppose 6*f + t - 61239 = -2*t, 30622 = 3*f + t. What is the tens digit of f?
0
Let a(d) = 165*d**2 + 59*d + 1162. What is the hundreds digit of a(-15)?
4
Suppose 21*l = 107 - 44. Suppose 0 = 4*b + 19*z - 22*z - 2617, 3*z - 1968 = -l*b. What is the units digit of b?
5
Let j = -3199 + 15537. What is the ten thousands digit of j?
1
Suppose -10*r + 94*r - 59304 = 0. What is the hundreds digit of r?
7
Let f = 19 - 18. Let z be -5 + f - (10 - 15). What is the units digit of (-4 - -1)/(z/(-42))?
6
Suppose -5132 = -4*f - r, -2819 = -3*f + r + 1037. Let y = f + -474. What is the units digit of y?
0
Suppose -3*p + 2*k = 8 - 1, 3*p = -2*k - 11. What is the units digit of -3*81/36*8/p?
8
Suppose 5*c + 3*a = 13, 5*a + 2 = 3*c + a. Suppose 22*h - 588 = -76*h. Suppose c*v = -b + h*v + 127, 2*b = v + 226. What is the tens digit of b?
1
Suppose -60*s + 457680 = -368820. What is the units digit of s?
5
Let o = -4018 + 26915. What is the thousands digit of o?
2
Let t(u) = 996*u - 2692. What is the hundreds digit of t(9)?
2
Let n(s) = -11*s**2 - 24*s + 2. Let f(p) = 5*p**2 + 12*p - 1. Let k(v) = -13*f(v) - 6*n(v). What is the units digit of k(12)?
1
Let b(z) = -z**3 + 8*z**2 + 2*z - 12. Let y(t) = 6*t**2 - 4*t + 3. Let k be y(1). Suppose 12 = k*u - 8. What is the tens digit of b(u)?
6
Let r = 591 + 11625. What is the thousands digit of r?
2
Let j(f) = 2*f + 192. Let m be j(-33). Suppose c + z = -4*z + 20, 3*c - z - 12 = 0. Suppose c*n + m = 4*v, -n = -v + 8 + 24. What is the units digit of v?
4
Let q(z) = -2*z**3 - 5*z**2 + 5*z + 8. Let k be q(-4). Suppose 23*d = k*d - 5577. What is the tens digit of d?
2
Let z(c) = 233*c**2 + c + 2. Let n be -3 - (20/50)/(2/(-10)). What is the tens digit of z(n)?
3
Suppose 123*a = -252382 + 273836 + 549758. What is the hundreds digit of a?
6
Let l(h) = 260*h - 4560. What is the tens digit of l(42)?
6
Let t(o) = -39*o**3 - 48*o**2 - 18*o - 57. What is the hundreds digit of t(-6)?
7
Suppose -85*x = -29*x - 1015112. What is the ten thousands digit of x?
1
Suppose -5919363 - 288178 = -179*g. What is the tens digit of g?
7
Let f be 5/((4 - -2)/(-1380)). Let v = -738 - f. What is the hundreds digit of v?
4
Suppose -3 = 3*u + 3*v - 0, -2*u + v + 1 = 0. Suppose 3*g + 2*f + 7 = u, 2*g = -0*g - 2*f - 2. What is the hundreds digit of (-1374)/g + (-14)/(-70)?
2
Suppose 0 = 55*i - 86*i + 181412. What is the thousands digit of i?
5
Let z(g) = -26*g**2 + 2*g - 1. Let n(h) = -27*h**2 + h. Let t(l) = 5*n(l) - 6*z(l). Let o(f) be the first derivative of t(f). What is the tens digit of o(2)?
7
Let o = -468 + 1017. Let q(f) = -f**3 + 13*f**2 + 19*f - 1. Let c be q(14). Suppose -6*n = -c - o. What is the units digit of n?
3
Suppose -2*d = -d + 2*o + 4, -32 = -4*d + 4*o. Suppose -d*u = -2342 + 454. What is the tens digit of u?
7
Let x be (-508)/(-3)*(-36)/12. Let m = -257 - x. What is the tens digit of m?
5
Let i be ((-329)/(-28) - 2)/((-6)/(-16)). Let c(t) = -t**3 + 30*t**2 - 48*t + 37. What is the thousands digit of c(i)?
1
Let a(l) = -4*l**3 + 24*l**2 + l - 64. Let x(i) = -3*i**3 + 23*i**2 + 3*i - 64. Let d(c) = 4*a(c) - 5*x(c). What is the hundreds digit of d(-19)?
2
Suppose f = -12*a + 8*a + 9, -2*a + 3*f = -1. Suppose 4*l - 18 + a = 0, t + 4*l - 892 = 0. What is the hundreds digit of t?
8
Let v(z) = 2*z + 6. Let r = 5 - 5. Let i be v(r). What is the units digit of 479/9 - i*(-5)/(-135)?
3
What is the tens digit of ((-2)/(-4))/((-9)/27)*5498/(-3)?
4
Suppose a + 12 = m + 4*m, a = 3. Suppose 0 = -o + 4*p + 92 + 9, -12 = -m*p. What is the tens digit of o?
1
Let o(u) = -4*u**2 - u + 5. Suppose -4*z - 3*h = -7*h + 12, -5*h = 0. Let v be o(z). What is the units digit of ((-3084)/v - -1) + 1/(-7)?
1
Let u(v) = 36*v + 4. Let a be (15/(-2))/((-12)/80). Let y = 51 - a. What is the units digit of u(y)?
0
Let c(u) = 143*u**3 - 4*u**2 + 20*u - 77. What is the thousands digit of c(4)?
9
Let n(c) = 3*c + 1. Let l(f) = -5*f - 1. Let v(x) = -5*l(x) - 4*n(x). What is the tens digit of v(6)?
7
Suppose 4*f = 4*t - 9*t + 40, 50 = 5*f - 2*t. Let p(g) be the second derivative of 4*g**3/3 - g**2/2 + g. What is the tens digit of p(f)?
7
Suppose 3*y = 3*q + 46905, -17*y + 18*y - 2*q = 15635. What is the units digit of y?
5
What is the ten thousands digit of (-49)/25 - -2 - 6583896/(-100)?
6
Suppose -i - 2*o + 2797 = 0, 2*i - 2800 = i - 5*o. What is the thousands digit of i?
2
Let c(p) = 606*p + 4246. Let r be c(-7). Let l = 40 - 16. Suppose r*u - l - 75 = -v, -2*u + 4 = 0. What is the tens digit of v?
9
Let x = -34 + 28. Let g be (-1)/(-3 - 19/x). What is the units digit of g/27*1 + 1712/9?
0
Suppose -2*l = 5*f - 1371 + 828, 0 = f - l - 110. Let w(t) = t**3 - 4*t**2 - 4*t - 5. Let o be w(5). Suppose o*p - f = -p. What is the tens digit of p?
0
Suppose z = 4*k + 11374, 12*z = 13*z + k - 11404. What is the thousands digit of z?
1
Suppose -4*b + 74 = 3*j, -6*j + j + 50 = 3*b. Suppose -2*z + b = 2*x + 90, 3*z - 3*x + 135 = 0. Let w = 92 - z. What is the units digit of w?
2
What is the tens digit of ((-1 - -5) + -15640)/((7 + -6)*-1)?
3
Suppose -1 + 5 = r. Suppose 6 = 5*y - r. Suppose y*d + 2*a - 41 = d, 4*d - 2*a = 204. What is the tens digit of d?
4
Let m = 1175 - 794. Let j be ((-8)/10)/(m/190 + -2). Let p = j - -299. What is the units digit of p?
7
What is the hundreds digit of 10 + (0 - -1)/(5/73145)?
6
What is the hundreds digit of 226 - 37/(370/(-120))?
2
Suppose -1 - 8 = -3*q, -w = -q - 16. Suppose 9*t - 26 - w = 0. Suppose 0 = -t*j + 1492 - 467. What is the hundreds digit of j?
2
Suppose 20872 = 4*q + 5*r, 4